{"id":217,"date":"2024-11-18T14:03:43","date_gmt":"2024-11-18T13:03:43","guid":{"rendered":"https:\/\/www.jamapub.sk\/?page_id=217"},"modified":"2024-11-18T14:03:43","modified_gmt":"2024-11-18T13:03:43","slug":"o-nas-2","status":"publish","type":"page","link":"https:\/\/www.jamapub.sk\/index.php\/o-nas-2\/","title":{"rendered":"O n\u00e1s"},"content":{"rendered":"\n<p><strong><mark style=\"background-color:rgba(0, 0, 0, 0)\" class=\"has-inline-color has-black-color\">JAMA PUB je re\u0161taur\u00e1cia, ktor\u00e1 pon\u00faka rozvoz jedla, denne menu a mo\u017enos\u0165 organizovania osl\u00e1v. Na\u0161a kuchy\u0148a je zameran\u00e1 na tradi\u010dn\u00e9 jedl\u00e1 s modern\u00fdm pr\u00edstupom. Ka\u017ed\u00fd de\u0148 pripravujeme \u010derstv\u00e9 menu, ktor\u00e9 sa sklad\u00e1 z ob\u013e\u00faben\u00fdch jed\u00e1l z r\u00f4znych kuch\u00fd\u0148 sveta.<\/mark><\/strong><\/p>\n\n\n\n<p><strong><mark style=\"background-color:rgba(0, 0, 0, 0)\" class=\"has-inline-color has-black-color\">Virtu\u00e1lna prehliadka na\u0161ej re\u0161taur\u00e1cie <a href=\"https:\/\/youtu.be\/VX4ptkVujU0?si=E6CLcJp2Gg9Rt7sf\">https:\/\/youtu.be\/VX4ptkVujU0?si=pMNCCvtA1lctj9le<\/a><\/mark><\/strong><\/p>\n\n\n\n<p><\/p>\n","protected":false},"excerpt":{"rendered":"<p>JAMA PUB je re\u0161taur\u00e1cia, ktor\u00e1 pon\u00faka rozvoz jedla, denne menu a mo\u017enos\u0165 organizovania osl\u00e1v. Na\u0161a kuchy\u0148a je zameran\u00e1 na tradi\u010dn\u00e9 jedl\u00e1 s modern\u00fdm pr\u00edstupom. Ka\u017ed\u00fd de\u0148 pripravujeme \u010derstv\u00e9 menu, ktor\u00e9 sa sklad\u00e1 z ob\u013e\u00faben\u00fdch jed\u00e1l z r\u00f4znych kuch\u00fd\u0148 sveta. Virtu\u00e1lna prehliadka na\u0161ej re\u0161taur\u00e1cie https:\/\/youtu.be\/VX4ptkVujU0?si=pMNCCvtA1lctj9le<\/p>\n","protected":false},"author":1,"featured_media":0,"parent":0,"menu_order":0,"comment_status":"closed","ping_status":"closed","template":"","meta":{"footnotes":""},"class_list":["post-217","page","type-page","status-publish","hentry"],"_links":{"self":[{"href":"https:\/\/www.jamapub.sk\/index.php\/wp-json\/wp\/v2\/pages\/217","targetHints":{"allow":["GET"]}}],"collection":[{"href":"https:\/\/www.jamapub.sk\/index.php\/wp-json\/wp\/v2\/pages"}],"about":[{"href":"https:\/\/www.jamapub.sk\/index.php\/wp-json\/wp\/v2\/types\/page"}],"author":[{"embeddable":true,"href":"https:\/\/www.jamapub.sk\/index.php\/wp-json\/wp\/v2\/users\/1"}],"replies":[{"embeddable":true,"href":"https:\/\/www.jamapub.sk\/index.php\/wp-json\/wp\/v2\/comments?post=217"}],"version-history":[{"count":1,"href":"https:\/\/www.jamapub.sk\/index.php\/wp-json\/wp\/v2\/pages\/217\/revisions"}],"predecessor-version":[{"id":223,"href":"https:\/\/www.jamapub.sk\/index.php\/wp-json\/wp\/v2\/pages\/217\/revisions\/223"}],"wp:attachment":[{"href":"https:\/\/www.jamapub.sk\/index.php\/wp-json\/wp\/v2\/media?parent=217"}],"curies":[{"name":"wp","href":"https:\/\/api.w.org\/{rel}","templated":true}]}}